{"id":10060,"date":"2021-08-17T09:15:51","date_gmt":"2021-08-17T07:15:51","guid":{"rendered":"https:\/\/aisn.pl\/?post_type=aktualnosci&#038;p=10060"},"modified":"2021-08-17T09:15:51","modified_gmt":"2021-08-17T07:15:51","slug":"zaproszenie-do-udzialu-w-webinarze-aisn-ptk-nt-praktyczne-warsztaty-oceny-ryzyka-wystapienia-incydentow-niedokrwiennych-31-08-2021-r-wtorek-godz-1700","status":"publish","type":"aktualnosci","link":"https:\/\/aisn.pl\/en\/aktualnosci\/zaproszenie-do-udzialu-w-webinarze-aisn-ptk-nt-praktyczne-warsztaty-oceny-ryzyka-wystapienia-incydentow-niedokrwiennych-31-08-2021-r-wtorek-godz-1700\/","title":{"rendered":"Zaproszenie do udzia\u0142u w webinarze AISN PTK nt. \u201cPraktyczne warsztaty oceny ryzyka wyst\u0105pienia incydent\u00f3w niedokrwiennych\u2026\u201d 31.08.2021 r. (wtorek) godz. 17:00"},"content":{"rendered":"<p>Ladies and gentlemen,<\/p>\n<p>serdecznie zapraszamy do udzia\u0142u w webinarze organizowanym przez AISN PTK we wsp\u00f3\u0142pracy z firm\u0105 AstraZeneca nt. \u201cPraktyczne warsztaty oceny ryzyka wyst\u0105pienia incydent\u00f3w niedokrwiennych oraz ryzyka krwawie\u0144 u chorych z OZW i PZW\u201d, kt\u00f3ry odb\u0119dzie si\u0119 we wtorek, tj. 31.08.2021 r. o godz. 17:00. Poni\u017cej prezentujemy szczeg\u00f3\u0142owy program.<\/p>\n<p>Formularz rejestracyjny jest dost\u0119pny pod adresem: <a href=\"https:\/\/aisn.pl\/en\/webinaria\/warsztatyozwpzw\/\">https:\/\/aisn.pl\/webinaria\/warsztatyozwpzw\/<\/a> Bezpo\u015bredni link do webinaru zostanie rozes\u0142any do wszystkich zarejestrowanych os\u00f3b w dniu wydarzenia.<\/p>\n<p>Zapraszamy do udzia\u0142u!<\/p>\n<p>Z wyrazami szacunku,<\/p>\n<p>Prof. Stanis\u0142aw Bartu\u015b<br \/>\nPresident of ACVI<\/p>\n<p>&nbsp;<\/p>\n<p>Praktyczne warsztaty oceny ryzyka wyst\u0105pienia incydent\u00f3w niedokrwiennych oraz ryzyka krwawie\u0144 u chorych z OZW i PZW<br \/>\nProwadz\u0105cy: prof. Marek Grygier, prof. Stanis\u0142aw Bartu\u015b<\/p>\n<p>Kryteria oceny ryzyka krwotocznego i niedokrwiennego u chorych wed\u0142ug wytycznych ESC\/PTK.<br \/>\nProf. Stanis\u0142aw Bartu\u015b<\/p>\n<p>Prezentacja przypadk\u00f3w klinicznych<br \/>\nProf. Tomasz Roleder<br \/>\nProf. Tomasz Paw\u0142owski<br \/>\nProf. Janusz Kochman<\/p>\n<p>Dyskusja<\/p>","protected":false},"excerpt":{"rendered":"<p>Szanowni Pa\u0144stwo, serdecznie zapraszamy do udzia\u0142u w webinarze organizowanym przez AISN PTK we wsp\u00f3\u0142pracy z firm\u0105 AstraZeneca nt. \u201cPraktyczne warsztaty oceny ryzyka wyst\u0105pienia incydent\u00f3w niedokrwiennych oraz ryzyka krwawie\u0144 u chorych z OZW i PZW\u201d, kt\u00f3ry odb\u0119dzie si\u0119 we wtorek, tj. 31.08.2021 r. o godz. 17:00. Poni\u017cej prezentujemy szczeg\u00f3\u0142owy program. Formularz rejestracyjny jest dost\u0119pny pod adresem: [&hellip;]<\/p>","protected":false},"author":6,"featured_media":0,"menu_order":0,"template":"","meta":{"footnotes":""},"categories":[],"tags":[],"class_list":["post-10060","aktualnosci","type-aktualnosci","status-publish","hentry"],"_links":{"self":[{"href":"https:\/\/aisn.pl\/en\/wp-json\/wp\/v2\/aktualnosci\/10060","targetHints":{"allow":["GET"]}}],"collection":[{"href":"https:\/\/aisn.pl\/en\/wp-json\/wp\/v2\/aktualnosci"}],"about":[{"href":"https:\/\/aisn.pl\/en\/wp-json\/wp\/v2\/types\/aktualnosci"}],"author":[{"embeddable":true,"href":"https:\/\/aisn.pl\/en\/wp-json\/wp\/v2\/users\/6"}],"version-history":[{"count":1,"href":"https:\/\/aisn.pl\/en\/wp-json\/wp\/v2\/aktualnosci\/10060\/revisions"}],"predecessor-version":[{"id":10061,"href":"https:\/\/aisn.pl\/en\/wp-json\/wp\/v2\/aktualnosci\/10060\/revisions\/10061"}],"wp:attachment":[{"href":"https:\/\/aisn.pl\/en\/wp-json\/wp\/v2\/media?parent=10060"}],"wp:term":[{"taxonomy":"category","embeddable":true,"href":"https:\/\/aisn.pl\/en\/wp-json\/wp\/v2\/categories?post=10060"},{"taxonomy":"post_tag","embeddable":true,"href":"https:\/\/aisn.pl\/en\/wp-json\/wp\/v2\/tags?post=10060"}],"curies":[{"name":"wp","href":"https:\/\/api.w.org\/{rel}","templated":true}]}}

Zaproszenie do udziału w webinarze AISN PTK nt. “Praktyczne warsztaty oceny ryzyka wystąpienia incydentów niedokrwiennych…” 31.08.2021 r. (wtorek) godz. 17:00

<p>Ladies and gentlemen,</p>
<p>serdecznie zapraszamy do udziału w webinarze organizowanym przez AISN PTK we współpracy z firmą AstraZeneca nt. “Praktyczne warsztaty oceny ryzyka wystąpienia incydentów niedokrwiennych oraz ryzyka krwawień u chorych z OZW i PZW”, który odbędzie się we wtorek, tj. 31.08.2021 r. o godz. 17:00. Poniżej prezentujemy szczegółowy program.</p>
<p>Formularz rejestracyjny jest dostępny pod adresem: <a href="https://aisn.pl/en/webinaria/warsztatyozwpzw/">https://aisn.pl/webinaria/warsztatyozwpzw/</a> Bezpośredni link do webinaru zostanie rozesłany do wszystkich zarejestrowanych osób w dniu wydarzenia.</p>
<p>Zapraszamy do udziału!</p>
<p>Z wyrazami szacunku,</p>
<p>Prof. Stanisław Bartuś<br />
President of ACVI</p>
<p>&nbsp;</p>
<p>Praktyczne warsztaty oceny ryzyka wystąpienia incydentów niedokrwiennych oraz ryzyka krwawień u chorych z OZW i PZW<br />
Prowadzący: prof. Marek Grygier, prof. Stanisław Bartuś</p>
<p>Kryteria oceny ryzyka krwotocznego i niedokrwiennego u chorych według wytycznych ESC/PTK.<br />
Prof. Stanisław Bartuś</p>
<p>Prezentacja przypadków klinicznych<br />
Prof. Tomasz Roleder<br />
Prof. Tomasz Pawłowski<br />
Prof. Janusz Kochman</p>
<p>Dyskusja</p>

<p>Szanowni Państwo, serdecznie zapraszamy do udziału w webinarze organizowanym przez AISN PTK we współpracy z firmą AstraZeneca nt. “Praktyczne warsztaty oceny ryzyka wystąpienia incydentów niedokrwiennych oraz ryzyka krwawień u chorych z OZW i PZW”, który odbędzie się we wtorek, tj. 31.08.2021 r. o godz. 17:00. Poniżej prezentujemy szczegółowy program. Formularz rejestracyjny jest dostępny pod adresem: [&hellip;]</p>
