{"id":11325,"date":"2021-10-05T12:54:26","date_gmt":"2021-10-05T10:54:26","guid":{"rendered":"https:\/\/aisn.pl\/?post_type=aktualnosci&#038;p=11325"},"modified":"2021-10-05T12:54:26","modified_gmt":"2021-10-05T10:54:26","slug":"zaproszenie-do-udzialu-w-webinarze-aisn-ptk-nt-skrajna-niewydolnosc-serca-leczenie-na-oddziale-kardiologii-inwazyjnej-czesc-ii-12-10-2021-r-wtorek-godz-1700","status":"publish","type":"aktualnosci","link":"https:\/\/aisn.pl\/en\/aktualnosci\/zaproszenie-do-udzialu-w-webinarze-aisn-ptk-nt-skrajna-niewydolnosc-serca-leczenie-na-oddziale-kardiologii-inwazyjnej-czesc-ii-12-10-2021-r-wtorek-godz-1700\/","title":{"rendered":"Zaproszenie do udzia\u0142u w webinarze AISN PTK nt. \u201cSkrajna niewydolno\u015b\u0107 serca, leczenie na oddziale kardiologii inwazyjnej (cz\u0119\u015b\u0107 II)\u201d 12.10.2021 r. (wtorek) godz. 17:00"},"content":{"rendered":"<p>Ladies and gentlemen,<\/p>\n<p>serdecznie zapraszamy do udzia\u0142u w webinarze organizowanym przez AISN PTK we wsp\u00f3\u0142pracy z firm\u0105 Novartis Poland nt. \u201cSkrajna niewydolno\u015b\u0107 serca, leczenie na oddziale kardiologii inwazyjnej (cz\u0119\u015b\u0107 II)\u201d, kt\u00f3ry odb\u0119dzie si\u0119 we wtorek, tj. 12.10.2021 r. o godz. 17:00. Poni\u017cej prezentujemy szczeg\u00f3\u0142owy program.<\/p>\n<p>Formularz rejestracyjny jest dost\u0119pny pod adresem: <a href=\"https:\/\/aisn.pl\/en\/webinaria\/skrajnaniewydolnosc\/\">https:\/\/aisn.pl\/webinaria\/skrajnaniewydolnosc\/<\/a><\/p>\n<p>Zapraszamy do udzia\u0142u!<\/p>\n<p>Z wyrazami szacunku,<\/p>\n<p>Prof. Marek Grygier<br \/>\nPresident of ACVI<\/p>\n<p>Skrajna niewydolno\u015b\u0107 serca, leczenie na oddziale kardiologii inwazyjnej (cz\u0119\u015b\u0107 II).<br \/>\nProwadz\u0105cy: prof. Marek Grygier<\/p>\n<p>Czy sakubitryl\/walsartan jest przydatnym lekiem dla kardiologa interwencyjnego?<br \/>\ndr hab. med. Micha\u0142 Hawranek<\/p>\n<p>Jak przygotowa\u0107 chorego ze skrajn\u0105 niewydolno\u015bci\u0105 serca do zabiegu interwencyjnego?<br \/>\nprof. Przemys\u0142aw Leszek<\/p>\n<p>Przypadek pacjenta z niewydolno\u015bci\u0105 serca &#8211; optymalna farmakoterapia i leczenie zabiegowe.<br \/>\nprof. Piotr Buszman<\/p>","protected":false},"excerpt":{"rendered":"<p>Szanowni Pa\u0144stwo, serdecznie zapraszamy do udzia\u0142u w webinarze organizowanym przez AISN PTK we wsp\u00f3\u0142pracy z firm\u0105 Novartis Poland nt. \u201cSkrajna niewydolno\u015b\u0107 serca, leczenie na oddziale kardiologii inwazyjnej (cz\u0119\u015b\u0107 II)\u201d, kt\u00f3ry odb\u0119dzie si\u0119 we wtorek, tj. 12.10.2021 r. o godz. 17:00. Poni\u017cej prezentujemy szczeg\u00f3\u0142owy program. Formularz rejestracyjny jest dost\u0119pny pod adresem: https:\/\/aisn.pl\/webinaria\/skrajnaniewydolnosc\/ Zapraszamy do udzia\u0142u! Z [&hellip;]<\/p>","protected":false},"author":6,"featured_media":0,"menu_order":0,"template":"","meta":{"footnotes":""},"categories":[],"tags":[],"class_list":["post-11325","aktualnosci","type-aktualnosci","status-publish","hentry"],"_links":{"self":[{"href":"https:\/\/aisn.pl\/en\/wp-json\/wp\/v2\/aktualnosci\/11325","targetHints":{"allow":["GET"]}}],"collection":[{"href":"https:\/\/aisn.pl\/en\/wp-json\/wp\/v2\/aktualnosci"}],"about":[{"href":"https:\/\/aisn.pl\/en\/wp-json\/wp\/v2\/types\/aktualnosci"}],"author":[{"embeddable":true,"href":"https:\/\/aisn.pl\/en\/wp-json\/wp\/v2\/users\/6"}],"version-history":[{"count":1,"href":"https:\/\/aisn.pl\/en\/wp-json\/wp\/v2\/aktualnosci\/11325\/revisions"}],"predecessor-version":[{"id":11326,"href":"https:\/\/aisn.pl\/en\/wp-json\/wp\/v2\/aktualnosci\/11325\/revisions\/11326"}],"wp:attachment":[{"href":"https:\/\/aisn.pl\/en\/wp-json\/wp\/v2\/media?parent=11325"}],"wp:term":[{"taxonomy":"category","embeddable":true,"href":"https:\/\/aisn.pl\/en\/wp-json\/wp\/v2\/categories?post=11325"},{"taxonomy":"post_tag","embeddable":true,"href":"https:\/\/aisn.pl\/en\/wp-json\/wp\/v2\/tags?post=11325"}],"curies":[{"name":"wp","href":"https:\/\/api.w.org\/{rel}","templated":true}]}}

Zaproszenie do udziału w webinarze AISN PTK nt. “Skrajna niewydolność serca, leczenie na oddziale kardiologii inwazyjnej (część II)” 12.10.2021 r. (wtorek) godz. 17:00

<p>Ladies and gentlemen,</p>
<p>serdecznie zapraszamy do udziału w webinarze organizowanym przez AISN PTK we współpracy z firmą Novartis Poland nt. “Skrajna niewydolność serca, leczenie na oddziale kardiologii inwazyjnej (część II)”, który odbędzie się we wtorek, tj. 12.10.2021 r. o godz. 17:00. Poniżej prezentujemy szczegółowy program.</p>
<p>Formularz rejestracyjny jest dostępny pod adresem: <a href="https://aisn.pl/en/webinaria/skrajnaniewydolnosc/">https://aisn.pl/webinaria/skrajnaniewydolnosc/</a></p>
<p>Zapraszamy do udziału!</p>
<p>Z wyrazami szacunku,</p>
<p>Prof. Marek Grygier<br />
President of ACVI</p>
<p>Skrajna niewydolność serca, leczenie na oddziale kardiologii inwazyjnej (część II).<br />
Prowadzący: prof. Marek Grygier</p>
<p>Czy sakubitryl/walsartan jest przydatnym lekiem dla kardiologa interwencyjnego?<br />
dr hab. med. Michał Hawranek</p>
<p>Jak przygotować chorego ze skrajną niewydolnością serca do zabiegu interwencyjnego?<br />
prof. Przemysław Leszek</p>
<p>Przypadek pacjenta z niewydolnością serca &#8211; optymalna farmakoterapia i leczenie zabiegowe.<br />
prof. Piotr Buszman</p>

<p>Szanowni Państwo, serdecznie zapraszamy do udziału w webinarze organizowanym przez AISN PTK we współpracy z firmą Novartis Poland nt. “Skrajna niewydolność serca, leczenie na oddziale kardiologii inwazyjnej (część II)”, który odbędzie się we wtorek, tj. 12.10.2021 r. o godz. 17:00. Poniżej prezentujemy szczegółowy program. Formularz rejestracyjny jest dostępny pod adresem: https://aisn.pl/webinaria/skrajnaniewydolnosc/ Zapraszamy do udziału! Z [&hellip;]</p>
