{"id":23083,"date":"2023-12-08T21:16:47","date_gmt":"2023-12-08T20:16:47","guid":{"rendered":"https:\/\/aisn.pl\/?post_type=aktualnosci&#038;p=23083"},"modified":"2023-12-11T14:36:09","modified_gmt":"2023-12-11T13:36:09","slug":"grupa-robocz-aisn-ptk-niewydolnosc-serca-i-mechaniczne-wspomaganie-krazenia","status":"publish","type":"aktualnosci","link":"https:\/\/aisn.pl\/en\/aktualnosci\/grupa-robocz-aisn-ptk-niewydolnosc-serca-i-mechaniczne-wspomaganie-krazenia\/","title":{"rendered":"Grupa Robocza AISN PTK \u201eNiewydolno\u015b\u0107 serca i mechaniczne wspomaganie kr\u0105\u017cenia\u201d"},"content":{"rendered":"<p>Uprzejmie informujemy, \u017ce swoj\u0105 dzia\u0142alno\u015b\u0107 rozpocz\u0119\u0142a powo\u0142ana przez Zarz\u0105d AISN PTK Grupa Robocza: \u201eNiewydolno\u015b\u0107 serca i mechaniczne wspomaganie kr\u0105\u017cenia\u201d, kt\u00f3ra b\u0119dzie kierowana przez dr hab. Wiktora Kuliczkowskiego (Chair) oraz dr hab. Jerzego Sach\u0119 (Co-Chair).<\/p>\n<p>G\u0142\u00f3wnym obszarem dzia\u0142alno\u015bci grupy jest ocena sposob\u00f3w i efekt\u00f3w leczenia wstrz\u0105su kardiogennego w Polsce oraz opracowanie zalece\u0144 dotycz\u0105cych poprawy tych efekt\u00f3w w oparciu o zastosowanie mechanicznego wspomagania kr\u0105\u017cenia w systemie hub-and-spoke.<\/p>\n<p>Przewodnicz\u0105cy: prof. Wiktor Kuliczkowski<br \/>\nWice-Przewodnicz\u0105cy: dr hab. med. Jerzy Sacha<br \/>\nSekretarz: dr n. med. Wojciech Zimoch<br \/>\nEkspert (Mentor): prof. Mariusz G\u0105sior<\/p>\n<p>Cz\u0142onkowie Grupy:<br \/>\nprof. Stanis\u0142aw Bartu\u015b, dr n. med. Maciej Bochenek, prof. Rober Gil, dr hab. med. Micha\u0142 Hawranek, dr hab. med. Tomasz Hrapkowicz, prof. Zenon Huczek, dr hab. med. Marta Ka\u0142u\u017cna-Oleksy, prof. Pawe\u0142 Kleczy\u0144ski, dr Micha\u0142 Kosowski, prof. Jacek Legutko, dr n. med. Arkadiusz Pietrasik, prof. Roman Przybylski, dr n. med. \u0141ukasz Pyka, prof. Agnieszka Tyci\u0144ska<\/p>","protected":false},"excerpt":{"rendered":"<p>Uprzejmie informujemy, \u017ce swoj\u0105 dzia\u0142alno\u015b\u0107 rozpocz\u0119\u0142a powo\u0142ana przez Zarz\u0105d AISN PTK Grupa Robocza: \u201eNiewydolno\u015b\u0107 serca i mechaniczne wspomaganie kr\u0105\u017cenia\u201d, kt\u00f3ra b\u0119dzie kierowana przez dr hab. Wiktora Kuliczkowskiego (Chair) oraz dr hab. Jerzego Sach\u0119 (Co-Chair). G\u0142\u00f3wnym obszarem dzia\u0142alno\u015bci grupy jest ocena sposob\u00f3w i efekt\u00f3w leczenia wstrz\u0105su kardiogennego w Polsce oraz opracowanie zalece\u0144 dotycz\u0105cych poprawy tych efekt\u00f3w [&hellip;]<\/p>","protected":false},"author":6,"featured_media":23095,"menu_order":0,"template":"","meta":{"footnotes":""},"categories":[],"tags":[],"class_list":["post-23083","aktualnosci","type-aktualnosci","status-publish","has-post-thumbnail","hentry"],"_links":{"self":[{"href":"https:\/\/aisn.pl\/en\/wp-json\/wp\/v2\/aktualnosci\/23083","targetHints":{"allow":["GET"]}}],"collection":[{"href":"https:\/\/aisn.pl\/en\/wp-json\/wp\/v2\/aktualnosci"}],"about":[{"href":"https:\/\/aisn.pl\/en\/wp-json\/wp\/v2\/types\/aktualnosci"}],"author":[{"embeddable":true,"href":"https:\/\/aisn.pl\/en\/wp-json\/wp\/v2\/users\/6"}],"version-history":[{"count":2,"href":"https:\/\/aisn.pl\/en\/wp-json\/wp\/v2\/aktualnosci\/23083\/revisions"}],"predecessor-version":[{"id":23085,"href":"https:\/\/aisn.pl\/en\/wp-json\/wp\/v2\/aktualnosci\/23083\/revisions\/23085"}],"wp:featuredmedia":[{"embeddable":true,"href":"https:\/\/aisn.pl\/en\/wp-json\/wp\/v2\/media\/23095"}],"wp:attachment":[{"href":"https:\/\/aisn.pl\/en\/wp-json\/wp\/v2\/media?parent=23083"}],"wp:term":[{"taxonomy":"category","embeddable":true,"href":"https:\/\/aisn.pl\/en\/wp-json\/wp\/v2\/categories?post=23083"},{"taxonomy":"post_tag","embeddable":true,"href":"https:\/\/aisn.pl\/en\/wp-json\/wp\/v2\/tags?post=23083"}],"curies":[{"name":"wp","href":"https:\/\/api.w.org\/{rel}","templated":true}]}}

Grupa Robocza AISN PTK „Niewydolność serca i mechaniczne wspomaganie krążenia”

<p>Uprzejmie informujemy, że swoją działalność rozpoczęła powołana przez Zarząd AISN PTK Grupa Robocza: „Niewydolność serca i mechaniczne wspomaganie krążenia”, która będzie kierowana przez dr hab. Wiktora Kuliczkowskiego (Chair) oraz dr hab. Jerzego Sachę (Co-Chair).</p>
<p>Głównym obszarem działalności grupy jest ocena sposobów i efektów leczenia wstrząsu kardiogennego w Polsce oraz opracowanie zaleceń dotyczących poprawy tych efektów w oparciu o zastosowanie mechanicznego wspomagania krążenia w systemie hub-and-spoke.</p>
<p>Przewodniczący: prof. Wiktor Kuliczkowski<br />
Wice-Przewodniczący: dr hab. med. Jerzy Sacha<br />
Sekretarz: dr n. med. Wojciech Zimoch<br />
Ekspert (Mentor): prof. Mariusz Gąsior</p>
<p>Członkowie Grupy:<br />
prof. Stanisław Bartuś, dr n. med. Maciej Bochenek, prof. Rober Gil, dr hab. med. Michał Hawranek, dr hab. med. Tomasz Hrapkowicz, prof. Zenon Huczek, dr hab. med. Marta Kałużna-Oleksy, prof. Paweł Kleczyński, dr Michał Kosowski, prof. Jacek Legutko, dr n. med. Arkadiusz Pietrasik, prof. Roman Przybylski, dr n. med. Łukasz Pyka, prof. Agnieszka Tycińska</p>

<p>Uprzejmie informujemy, że swoją działalność rozpoczęła powołana przez Zarząd AISN PTK Grupa Robocza: „Niewydolność serca i mechaniczne wspomaganie krążenia”, która będzie kierowana przez dr hab. Wiktora Kuliczkowskiego (Chair) oraz dr hab. Jerzego Sachę (Co-Chair). Głównym obszarem działalności grupy jest ocena sposobów i efektów leczenia wstrząsu kardiogennego w Polsce oraz opracowanie zaleceń dotyczących poprawy tych efektów [&hellip;]</p>
