{"id":25853,"date":"2025-01-31T08:10:03","date_gmt":"2025-01-31T07:10:03","guid":{"rendered":"https:\/\/aisn.pl\/?post_type=aktualnosci&#038;p=25853"},"modified":"2025-01-31T08:10:03","modified_gmt":"2025-01-31T07:10:03","slug":"kurs-w-szpitalu-im-sw-jana-pawla-ii-w-krakowie-3","status":"publish","type":"aktualnosci","link":"https:\/\/aisn.pl\/en\/aktualnosci\/kurs-w-szpitalu-im-sw-jana-pawla-ii-w-krakowie-3\/","title":{"rendered":"Kurs w Szpitalu im. \u015aw. Jana Paw\u0142a II w Krakowie"},"content":{"rendered":"<p>Ladies and gentlemen,<\/p>\n<p>uprzejmie informujemy, \u017ce w Pracowni Hemodynamiki Oddzia\u0142u Klinicznego Kardiologii Interwencyjnej Szpitala im. \u015aw. Jana Paw\u0142a II w Krakowie organizowany jest kurs dla pocz\u0105tkuj\u0105cych i zaawansowanych operator\u00f3w kardiologii inwazyjnej. Osoby zainteresowane udzia\u0142em prosimy o kontakt z sekretariatem Kliniki (tel. 12 614 35 01, mail: sekr_hemo@szpitaljp2.krakow.pl). Liczba miejsc ograniczona, decyduje kolejno\u015b\u0107 zg\u0142osze\u0144.<\/p>\n<p>Kurs nt. \u201eNowoczesne obrazowanie i ocena fizjologiczna zw\u0119\u017ce\u0144 w kompleksowych zabiegach wie\u0144cowych\u201d<br \/>\nTermin: 17-18 lutego 2025<\/p>\n<p>Z powa\u017caniem,<\/p>\n<p>Prof. dr hab. med. Jacek Legutko<br \/>\nProf. dr hab. med. Pawe\u0142 Kleczy\u0144ski<\/p>","protected":false},"excerpt":{"rendered":"<p>Szanowni Pa\u0144stwo, uprzejmie informujemy, \u017ce w Pracowni Hemodynamiki Oddzia\u0142u Klinicznego Kardiologii Interwencyjnej Szpitala im. \u015aw. Jana Paw\u0142a II w Krakowie organizowany jest kurs dla pocz\u0105tkuj\u0105cych i zaawansowanych operator\u00f3w kardiologii inwazyjnej. Osoby zainteresowane udzia\u0142em prosimy o kontakt z sekretariatem Kliniki (tel. 12 614 35 01, mail: sekr_hemo@szpitaljp2.krakow.pl). Liczba miejsc ograniczona, decyduje kolejno\u015b\u0107 zg\u0142osze\u0144. Kurs nt. \u201eNowoczesne [&hellip;]<\/p>","protected":false},"author":6,"featured_media":24958,"menu_order":0,"template":"","meta":{"footnotes":""},"categories":[],"tags":[],"class_list":["post-25853","aktualnosci","type-aktualnosci","status-publish","has-post-thumbnail","hentry"],"_links":{"self":[{"href":"https:\/\/aisn.pl\/en\/wp-json\/wp\/v2\/aktualnosci\/25853","targetHints":{"allow":["GET"]}}],"collection":[{"href":"https:\/\/aisn.pl\/en\/wp-json\/wp\/v2\/aktualnosci"}],"about":[{"href":"https:\/\/aisn.pl\/en\/wp-json\/wp\/v2\/types\/aktualnosci"}],"author":[{"embeddable":true,"href":"https:\/\/aisn.pl\/en\/wp-json\/wp\/v2\/users\/6"}],"version-history":[{"count":1,"href":"https:\/\/aisn.pl\/en\/wp-json\/wp\/v2\/aktualnosci\/25853\/revisions"}],"predecessor-version":[{"id":25854,"href":"https:\/\/aisn.pl\/en\/wp-json\/wp\/v2\/aktualnosci\/25853\/revisions\/25854"}],"wp:featuredmedia":[{"embeddable":true,"href":"https:\/\/aisn.pl\/en\/wp-json\/wp\/v2\/media\/24958"}],"wp:attachment":[{"href":"https:\/\/aisn.pl\/en\/wp-json\/wp\/v2\/media?parent=25853"}],"wp:term":[{"taxonomy":"category","embeddable":true,"href":"https:\/\/aisn.pl\/en\/wp-json\/wp\/v2\/categories?post=25853"},{"taxonomy":"post_tag","embeddable":true,"href":"https:\/\/aisn.pl\/en\/wp-json\/wp\/v2\/tags?post=25853"}],"curies":[{"name":"wp","href":"https:\/\/api.w.org\/{rel}","templated":true}]}}

Kurs w Szpitalu im. Św. Jana Pawła II w Krakowie

<p>Ladies and gentlemen,</p>
<p>uprzejmie informujemy, że w Pracowni Hemodynamiki Oddziału Klinicznego Kardiologii Interwencyjnej Szpitala im. Św. Jana Pawła II w Krakowie organizowany jest kurs dla początkujących i zaawansowanych operatorów kardiologii inwazyjnej. Osoby zainteresowane udziałem prosimy o kontakt z sekretariatem Kliniki (tel. 12 614 35 01, mail: sekr_hemo@szpitaljp2.krakow.pl). Liczba miejsc ograniczona, decyduje kolejność zgłoszeń.</p>
<p>Kurs nt. „Nowoczesne obrazowanie i ocena fizjologiczna zwężeń w kompleksowych zabiegach wieńcowych”<br />
Termin: 17-18 lutego 2025</p>
<p>Z poważaniem,</p>
<p>Prof. dr hab. med. Jacek Legutko<br />
Prof. dr hab. med. Paweł Kleczyński</p>

<p>Szanowni Państwo, uprzejmie informujemy, że w Pracowni Hemodynamiki Oddziału Klinicznego Kardiologii Interwencyjnej Szpitala im. Św. Jana Pawła II w Krakowie organizowany jest kurs dla początkujących i zaawansowanych operatorów kardiologii inwazyjnej. Osoby zainteresowane udziałem prosimy o kontakt z sekretariatem Kliniki (tel. 12 614 35 01, mail: sekr_hemo@szpitaljp2.krakow.pl). Liczba miejsc ograniczona, decyduje kolejność zgłoszeń. Kurs nt. „Nowoczesne [&hellip;]</p>
