{"id":28225,"date":"2026-04-26T08:16:25","date_gmt":"2026-04-26T06:16:25","guid":{"rendered":"https:\/\/aisn.pl\/?post_type=aktualnosci&#038;p=28225"},"modified":"2026-04-26T08:16:31","modified_gmt":"2026-04-26T06:16:31","slug":"z-glebokim-zalem-zegnamy-prof-eugenea-braunwalda","status":"publish","type":"aktualnosci","link":"https:\/\/aisn.pl\/en\/aktualnosci\/z-glebokim-zalem-zegnamy-prof-eugenea-braunwalda\/","title":{"rendered":"Z g\u0142\u0119bokim \u017calem \u017cegnamy Prof. Eugene\u2019a Braunwalda"},"content":{"rendered":"<div data-elementor-type=\"wp-post\" data-elementor-id=\"28225\" data-post-id=\"28225\" data-obj-id=\"28225\" class=\"elementor elementor-28225 dce-elementor-post-28225\" data-elementor-post-type=\"aktualnosci\">\n\t\t\t\t\t\t<section class=\"elementor-section elementor-top-section elementor-element elementor-element-796b253b elementor-section-boxed elementor-section-height-default elementor-section-height-default\" data-id=\"796b253b\" data-element_type=\"section\" data-settings=\"{&quot;jet_parallax_layout_list&quot;:[]}\">\n\t\t\t\t\t\t<div class=\"elementor-container elementor-column-gap-default\">\n\t\t\t\t\t<div class=\"elementor-column elementor-col-100 elementor-top-column elementor-element elementor-element-4445bc2a\" data-id=\"4445bc2a\" data-element_type=\"column\">\n\t\t\t<div class=\"elementor-widget-wrap elementor-element-populated\">\n\t\t\t\t\t\t<div class=\"elementor-element elementor-element-3d036c5 elementor-widget elementor-widget-text-editor\" data-id=\"3d036c5\" data-element_type=\"widget\" data-widget_type=\"text-editor.default\">\n\t\t\t\t<div class=\"elementor-widget-container\">\n\t\t\t\t\t\t\t<p data-start=\"117\" data-end=\"261\">Z g\u0142\u0119bokim smutkiem przyj\u0119li\u015bmy wiadomo\u015b\u0107 o \u015bmierci Profesora \u00a0\ud835\udc04\ud835\udc2e\ud835\udc20\ud835\udc1e\ud835\udc27\ud835\udc1e \ud835\udc01\ud835\udc2b\ud835\udc1a\ud835\udc2e\ud835\udc27\ud835\udc30\ud835\udc1a\ud835\udc25\ud835\udc1d\ud835\udc1a, jednego z najwybitniejszych kardiolog\u00f3w XX i XXI wieku, powszechnie uznawanego za ojca wsp\u00f3\u0142czesnej kardiologii. Profesor Braunwald zmar\u0142 22 kwietnia 2026 roku w wieku 96 lat. <br \/>By\u0142 pionierem bada\u0144 nad patofizjologi\u0105 choroby wie\u0144cowej, niewydolno\u015bci serca oraz kardiomiopatii przerostowej. Redagowany przez Niego podr\u0119cznik Braunwald\u2019s Heart Disease by\u0142 podstawowym \u017ar\u00f3d\u0142em nauki dla wielu pokole\u0144 kardiolog\u00f3w na ca\u0142ym \u015bwiecie.<\/p>\t\t\t\t\t\t<\/div>\n\t\t\t\t<\/div>\n\t\t\t\t\t<\/div>\n\t\t<\/div>\n\t\t\t\t\t<\/div>\n\t\t<\/section>\n\t\t\t\t<\/div>","protected":false},"excerpt":{"rendered":"<p>Z g\u0142\u0119bokim smutkiem przyj\u0119li\u015bmy wiadomo\u015b\u0107 o \u015bmierci Profesora \u00a0\ud835\udc04\ud835\udc2e\ud835\udc20\ud835\udc1e\ud835\udc27\ud835\udc1e \ud835\udc01\ud835\udc2b\ud835\udc1a\ud835\udc2e\ud835\udc27\ud835\udc30\ud835\udc1a\ud835\udc25\ud835\udc1d\ud835\udc1a, jednego z najwybitniejszych kardiolog\u00f3w XX i XXI wieku, powszechnie uznawanego za ojca wsp\u00f3\u0142czesnej kardiologii. Profesor Braunwald zmar\u0142 22 kwietnia 2026 roku w wieku 96 lat. By\u0142 pionierem bada\u0144 nad patofizjologi\u0105 choroby wie\u0144cowej, niewydolno\u015bci serca oraz kardiomiopatii przerostowej. Redagowany przez Niego podr\u0119cznik Braunwald\u2019s Heart Disease by\u0142 [&hellip;]<\/p>","protected":false},"author":6,"featured_media":28226,"menu_order":0,"template":"","meta":{"footnotes":""},"categories":[],"tags":[],"class_list":["post-28225","aktualnosci","type-aktualnosci","status-publish","has-post-thumbnail","hentry"],"_links":{"self":[{"href":"https:\/\/aisn.pl\/en\/wp-json\/wp\/v2\/aktualnosci\/28225","targetHints":{"allow":["GET"]}}],"collection":[{"href":"https:\/\/aisn.pl\/en\/wp-json\/wp\/v2\/aktualnosci"}],"about":[{"href":"https:\/\/aisn.pl\/en\/wp-json\/wp\/v2\/types\/aktualnosci"}],"author":[{"embeddable":true,"href":"https:\/\/aisn.pl\/en\/wp-json\/wp\/v2\/users\/6"}],"version-history":[{"count":4,"href":"https:\/\/aisn.pl\/en\/wp-json\/wp\/v2\/aktualnosci\/28225\/revisions"}],"predecessor-version":[{"id":28230,"href":"https:\/\/aisn.pl\/en\/wp-json\/wp\/v2\/aktualnosci\/28225\/revisions\/28230"}],"wp:featuredmedia":[{"embeddable":true,"href":"https:\/\/aisn.pl\/en\/wp-json\/wp\/v2\/media\/28226"}],"wp:attachment":[{"href":"https:\/\/aisn.pl\/en\/wp-json\/wp\/v2\/media?parent=28225"}],"wp:term":[{"taxonomy":"category","embeddable":true,"href":"https:\/\/aisn.pl\/en\/wp-json\/wp\/v2\/categories?post=28225"},{"taxonomy":"post_tag","embeddable":true,"href":"https:\/\/aisn.pl\/en\/wp-json\/wp\/v2\/tags?post=28225"}],"curies":[{"name":"wp","href":"https:\/\/api.w.org\/{rel}","templated":true}]}}

Z głębokim żalem żegnamy Prof. Eugene’a Braunwalda

<div data-elementor-type="wp-post" data-elementor-id="28225" data-post-id="28225" data-obj-id="28225" class="elementor elementor-28225 dce-elementor-post-28225" data-elementor-post-type="aktualnosci">
						<section class="elementor-section elementor-top-section elementor-element elementor-element-796b253b elementor-section-boxed elementor-section-height-default elementor-section-height-default" data-id="796b253b" data-element_type="section" data-settings="{&quot;jet_parallax_layout_list&quot;:[]}">
						<div class="elementor-container elementor-column-gap-default">
					<div class="elementor-column elementor-col-100 elementor-top-column elementor-element elementor-element-4445bc2a" data-id="4445bc2a" data-element_type="column">
			<div class="elementor-widget-wrap elementor-element-populated">
						<div class="elementor-element elementor-element-3d036c5 elementor-widget elementor-widget-text-editor" data-id="3d036c5" data-element_type="widget" data-widget_type="text-editor.default">
				<div class="elementor-widget-container">
							<p data-start="117" data-end="261">Z głębokim smutkiem przyjęliśmy wiadomość o śmierci Profesora  𝐄𝐮𝐠𝐞𝐧𝐞 𝐁𝐫𝐚𝐮𝐧𝐰𝐚𝐥𝐝𝐚, jednego z najwybitniejszych kardiologów XX i XXI wieku, powszechnie uznawanego za ojca współczesnej kardiologii. Profesor Braunwald zmarł 22 kwietnia 2026 roku w wieku 96 lat. <br />Był pionierem badań nad patofizjologią choroby wieńcowej, niewydolności serca oraz kardiomiopatii przerostowej. Redagowany przez Niego podręcznik Braunwald’s Heart Disease był podstawowym źródłem nauki dla wielu pokoleń kardiologów na całym świecie.</p>						</div>
				</div>
					</div>
		</div>
					</div>
		</section>
				</div>

<p>Z głębokim smutkiem przyjęliśmy wiadomość o śmierci Profesora  𝐄𝐮𝐠𝐞𝐧𝐞 𝐁𝐫𝐚𝐮𝐧𝐰𝐚𝐥𝐝𝐚, jednego z najwybitniejszych kardiologów XX i XXI wieku, powszechnie uznawanego za ojca współczesnej kardiologii. Profesor Braunwald zmarł 22 kwietnia 2026 roku w wieku 96 lat. Był pionierem badań nad patofizjologią choroby wieńcowej, niewydolności serca oraz kardiomiopatii przerostowej. Redagowany przez Niego podręcznik Braunwald’s Heart Disease był [&hellip;]</p>
