{"id":5721,"date":"2020-05-03T14:43:47","date_gmt":"2020-05-03T14:43:47","guid":{"rendered":"https:\/\/test.aisn.pl\/?post_type=aktualnosci&#038;p=5721"},"modified":"2020-08-30T14:46:08","modified_gmt":"2020-08-30T14:46:08","slug":"ministerstwo-zdrowia-uznaje-covid-19-za-chorobe-zawodowa-2","status":"publish","type":"aktualnosci","link":"https:\/\/aisn.pl\/en\/aktualnosci\/ministerstwo-zdrowia-uznaje-covid-19-za-chorobe-zawodowa-2\/","title":{"rendered":"Ministerstwo Zdrowia uznaje COVID-19 za chorob\u0119 zawodow\u0105"},"content":{"rendered":"<p>Ministerstwo Zdrowia uzna\u0142o chorob\u0119 zaka\u017an\u0105 wywo\u0142an\u0105 wirusem SARS-CoV-2 jako chorob\u0119 zawodow\u0105, je\u017celi w wyniku oceny warunk\u00f3w pracy mo\u017cna stwierdzi\u0107 bezspornie lub z wysokim prawdopodobie\u0144stwem, \u017ce zosta\u0142a ona spowodowana dzia\u0142aniem czynnik\u00f3w szkodliwych dla zdrowia wyst\u0119puj\u0105cych w \u015brodowisku pracy albo w zwi\u0105zku ze sposobem wykonywania pracy.<\/p>\n<p>Jest to odpowied\u017a na\u00a0<a href=\"https:\/\/nil.org.pl\/aktualnosci\/4585-apel-i-stanowisko-podjete-przez-pnrl-w-dniu-30-marca-2020-r\" target=\"_blank\" rel=\"noopener noreferrer\">apel Prezydium Naczelnej Rady Lekarskiej z\u00a030 marca br.<\/a>, kt\u00f3ry by\u0142 skierowany do Prezesa Rady Ministr\u00f3w\u00a0<em>w sprawie uznawania choroby zaka\u017anej wywo\u0142anej u lekarza lub lekarza dentysty wirusem SARS-CoV-2 za chorob\u0119 zawodow\u0105<\/em>.<\/p>\n<p>Prezydium NRL w celu uci\u0119cia wszelkich w\u0105tpliwo\u015bci, sugerowa\u0142o nawet odr\u0119bne wpisanie choroby zaka\u017anej wywo\u0142anej wirusem SARS-CoV-2 do wykazu chor\u00f3b zawodowych ustalonego w rozporz\u0105dzeniu Rady Ministr\u00f3w z dnia 30 czerwca 2009 r.\u00a0<em>w sprawie chor\u00f3b zawodowych<\/em>. W ww. apelu proponowano r\u00f3wnie\u017c, \u017ce w przypadku, gdy na chorob\u0119 zaka\u017an\u0105 wywo\u0142an\u0105 wirusem SARS-CoV-2 zachoruje lekarz albo lekarz dentysta, to z wysokim prawdopodobie\u0144stwem choroba ta zosta\u0142a spowodowana dzia\u0142aniem czynnik\u00f3w szkodliwych dla zdrowia wyst\u0119puj\u0105cych w \u015brodowisku pracy albo w zwi\u0105zku ze sposobem wykonywania pracy, co stanowi warunek uznania zaka\u017cenia za chorob\u0119 zawodow\u0105.<\/p>\n<p>Statystycznie ryzyko zaka\u017cenia wywo\u0142anego koronawirusem podczas wykonywania obowi\u0105zk\u00f3w zawodowych jest w grupie zawodowej lekarzy i lekarzy dentyst\u00f3w znacznie wy\u017csze ni\u017c w przypadku innych grup zawodowych. Ryzyko to zwi\u0119ksza si\u0119 jeszcze bardziej, gdy brakuje \u015brodk\u00f3w ochrony indywidualnej oraz gdy zagro\u017cenie epidemiczne jest nowe \u2013 wirus SARS-CoV-2 nie zosta\u0142 jeszcze dostatecznie dok\u0142adnie przebadany pod k\u0105tem naukowym, w tym sposob\u00f3w skutecznej ochrony przed nim.<\/p>\n<p>Po odpowiedzi Ministerstwa nale\u017cy uzna\u0107, \u017ce w przypadku lekarza lub lekarza dentysty zaka\u017conego wirusem SARS-CoV-2 istniej\u0105 przes\u0142anki do wydania decyzji o stwierdzeniu choroby zawodowej.<\/p>\n<p>\u0179r\u00f3d\u0142o:\u00a0<a href=\"https:\/\/nil.org.pl\/aktualnosci\/4746-mz-uznaje-covid-19-za-chorobe-zawodowa\">https:\/\/nil.org.pl\/aktualnosci\/4746-mz-uznaje-covid-19-za-chorobe-zawodowa<\/a><\/p>","protected":false},"excerpt":{"rendered":"<p>Ministerstwo Zdrowia uzna\u0142o chorob\u0119 zaka\u017an\u0105 wywo\u0142an\u0105 wirusem SARS-CoV-2 jako chorob\u0119 zawodow\u0105, je\u017celi w wyniku oceny warunk\u00f3w pracy mo\u017cna stwierdzi\u0107 bezspornie lub z wysokim prawdopodobie\u0144stwem, \u017ce zosta\u0142a ona spowodowana dzia\u0142aniem czynnik\u00f3w szkodliwych dla zdrowia wyst\u0119puj\u0105cych w \u015brodowisku pracy albo w zwi\u0105zku ze sposobem wykonywania pracy. Jest to odpowied\u017a na\u00a0apel Prezydium Naczelnej Rady Lekarskiej z\u00a030 marca br., [&hellip;]<\/p>","protected":false},"author":6,"featured_media":0,"menu_order":0,"template":"","meta":{"footnotes":""},"categories":[],"tags":[],"class_list":["post-5721","aktualnosci","type-aktualnosci","status-publish","hentry"],"_links":{"self":[{"href":"https:\/\/aisn.pl\/en\/wp-json\/wp\/v2\/aktualnosci\/5721","targetHints":{"allow":["GET"]}}],"collection":[{"href":"https:\/\/aisn.pl\/en\/wp-json\/wp\/v2\/aktualnosci"}],"about":[{"href":"https:\/\/aisn.pl\/en\/wp-json\/wp\/v2\/types\/aktualnosci"}],"author":[{"embeddable":true,"href":"https:\/\/aisn.pl\/en\/wp-json\/wp\/v2\/users\/6"}],"version-history":[{"count":0,"href":"https:\/\/aisn.pl\/en\/wp-json\/wp\/v2\/aktualnosci\/5721\/revisions"}],"wp:attachment":[{"href":"https:\/\/aisn.pl\/en\/wp-json\/wp\/v2\/media?parent=5721"}],"wp:term":[{"taxonomy":"category","embeddable":true,"href":"https:\/\/aisn.pl\/en\/wp-json\/wp\/v2\/categories?post=5721"},{"taxonomy":"post_tag","embeddable":true,"href":"https:\/\/aisn.pl\/en\/wp-json\/wp\/v2\/tags?post=5721"}],"curies":[{"name":"wp","href":"https:\/\/api.w.org\/{rel}","templated":true}]}}

Ministerstwo Zdrowia uznaje COVID-19 za chorobę zawodową

<p>Ministerstwo Zdrowia uznało chorobę zakaźną wywołaną wirusem SARS-CoV-2 jako chorobę zawodową, jeżeli w wyniku oceny warunków pracy można stwierdzić bezspornie lub z wysokim prawdopodobieństwem, że została ona spowodowana działaniem czynników szkodliwych dla zdrowia występujących w środowisku pracy albo w związku ze sposobem wykonywania pracy.</p>
<p>Jest to odpowiedź na <a href="https://nil.org.pl/aktualnosci/4585-apel-i-stanowisko-podjete-przez-pnrl-w-dniu-30-marca-2020-r" target="_blank" rel="noopener noreferrer">apel Prezydium Naczelnej Rady Lekarskiej z 30 marca br.</a>, który był skierowany do Prezesa Rady Ministrów <em>w sprawie uznawania choroby zakaźnej wywołanej u lekarza lub lekarza dentysty wirusem SARS-CoV-2 za chorobę zawodową</em>.</p>
<p>Prezydium NRL w celu ucięcia wszelkich wątpliwości, sugerowało nawet odrębne wpisanie choroby zakaźnej wywołanej wirusem SARS-CoV-2 do wykazu chorób zawodowych ustalonego w rozporządzeniu Rady Ministrów z dnia 30 czerwca 2009 r. <em>w sprawie chorób zawodowych</em>. W ww. apelu proponowano również, że w przypadku, gdy na chorobę zakaźną wywołaną wirusem SARS-CoV-2 zachoruje lekarz albo lekarz dentysta, to z wysokim prawdopodobieństwem choroba ta została spowodowana działaniem czynników szkodliwych dla zdrowia występujących w środowisku pracy albo w związku ze sposobem wykonywania pracy, co stanowi warunek uznania zakażenia za chorobę zawodową.</p>
<p>Statystycznie ryzyko zakażenia wywołanego koronawirusem podczas wykonywania obowiązków zawodowych jest w grupie zawodowej lekarzy i lekarzy dentystów znacznie wyższe niż w przypadku innych grup zawodowych. Ryzyko to zwiększa się jeszcze bardziej, gdy brakuje środków ochrony indywidualnej oraz gdy zagrożenie epidemiczne jest nowe – wirus SARS-CoV-2 nie został jeszcze dostatecznie dokładnie przebadany pod kątem naukowym, w tym sposobów skutecznej ochrony przed nim.</p>
<p>Po odpowiedzi Ministerstwa należy uznać, że w przypadku lekarza lub lekarza dentysty zakażonego wirusem SARS-CoV-2 istnieją przesłanki do wydania decyzji o stwierdzeniu choroby zawodowej.</p>
<p>Źródło: <a href="https://nil.org.pl/aktualnosci/4746-mz-uznaje-covid-19-za-chorobe-zawodowa">https://nil.org.pl/aktualnosci/4746-mz-uznaje-covid-19-za-chorobe-zawodowa</a></p>

<p>Ministerstwo Zdrowia uznało chorobę zakaźną wywołaną wirusem SARS-CoV-2 jako chorobę zawodową, jeżeli w wyniku oceny warunków pracy można stwierdzić bezspornie lub z wysokim prawdopodobieństwem, że została ona spowodowana działaniem czynników szkodliwych dla zdrowia występujących w środowisku pracy albo w związku ze sposobem wykonywania pracy. Jest to odpowiedź na apel Prezydium Naczelnej Rady Lekarskiej z 30 marca br., [&hellip;]</p>
