{"id":8827,"date":"2021-04-20T08:06:05","date_gmt":"2021-04-20T06:06:05","guid":{"rendered":"https:\/\/aisn.pl\/?post_type=aktualnosci&#038;p=8827"},"modified":"2021-04-24T14:49:26","modified_gmt":"2021-04-24T12:49:26","slug":"ogloszenie-terminu-walnego-zgromadzenia-czlonkow-aisn-ptk-23-06-2021","status":"publish","type":"aktualnosci","link":"https:\/\/aisn.pl\/en\/aktualnosci\/ogloszenie-terminu-walnego-zgromadzenia-czlonkow-aisn-ptk-23-06-2021\/","title":{"rendered":"Og\u0142oszenie terminu Walnego Zgromadzenia Cz\u0142onk\u00f3w AISN PTK 23.06.2021"},"content":{"rendered":"<p>Ladies and gentlemen,<br \/>\nCz\u0142onkowie Asocjacji Interwencji Sercowo-Naczyniowych PTK,<\/p>\n<p>Gor\u0105co zach\u0119camy Pa\u0144stwa do obecno\u015bci na Walnym Zgromadzeniu Cz\u0142onk\u00f3w AISN PTK, w czasie kt\u00f3rego zostanie poruszonych szereg wa\u017cnych informacji dotycz\u0105cych certyfikacji operator\u00f3w, konferencji naukowych oraz wyb\u00f3r nowego Zarz\u0105du i Przewodnicz\u0105cego-Elekta AISN PTK.<\/p>\n<p>Zarz\u0105d AISN PTK zwo\u0142uje na dzie\u0144 <strong>23 czerwca 2021 r. Walne Zgromadzenie Cz\u0142onk\u00f3w AISN PTK<\/strong> (\u201eZgromadzenie\u201d). Pierwszy termin Zgromadzenia wyznaczono na godzin\u0119 <strong>9:00<\/strong>, drugi termin, na wypadek braku quorum, wyznaczono na godzin\u0119 <strong>9:10<\/strong>.<\/p>\n<p>Zgromadzenie odb\u0119dzie si\u0119 w formie on-line zgodnie z regulaminem zdalnych g\u0142osowa\u0144 przyj\u0119tym uchwa\u0142\u0105 przez Zarz\u0105du G\u0142\u00f3wnego PTK przy wykorzystaniu rozwi\u0105za\u0144 zapewniaj\u0105cych w szczeg\u00f3lno\u015bci udzia\u0142 bezpo\u015bredni i na \u017cywo Zgromadzeniu, mo\u017cliwo\u015b\u0107 zachowania tajno\u015bci, g\u0142osowania, gdy takie jest wymagane oraz bezpiecze\u0144stwo danych.<br \/>\nUwaga: Czynne prawo wyborcze posiadaj\u0105 jedynie cz\u0142onkowie, kt\u00f3rzy nie zalegaj\u0105 ze sk\u0142adkami cz\u0142onkowskimi. Na stronie PTK Cz\u0142onkowie (<a href=\"https:\/\/ptk.gbbsoft.pl\">https:\/\/ptk.gbbsoft.pl<\/a>) mo\u017cna sprawdzi\u0107 aktualny stan op\u0142aconych sk\u0142adek.<\/p>\n<p>Proponowany porz\u0105dek obrad Zgromadzenia:<\/p>\n<p>1. Powo\u0142anie Przewodnicz\u0105cego i Sekretarza Zgromadzenia.<br \/>\n2. Powo\u0142anie cz\u0142onk\u00f3w Komisji Skrutacyjnej.<br \/>\n3. Sprawozdanie z dzia\u0142alno\u015bci Zarz\u0105du Asocjacji w okresie kadencji 2019-2021.<br \/>\n4. Wyst\u0105pienie Prezesa Polskiego Towarzystwa Kardiologicznego.<br \/>\n5. Sprawozdanie z dzia\u0142alno\u015bci Komisji Rewizyjnej Asocjacji w okresie kadencji 2019-2021.<br \/>\n6. Podj\u0119cie uchwa\u0142y w sprawie udzielenia absolutorium cz\u0142onkom ust\u0119puj\u0105cego Zarz\u0105du Asocjacji za okres kadencji 2019-2021.<br \/>\n7. Podj\u0119cie uchwa\u0142y w sprawie udzielenia absolutorium ust\u0119puj\u0105cym cz\u0142onkom Komisji Rewizyjnej Asocjacji za okres kadencji 2019-2021.<br \/>\n8. Przedstawienie kandydatur na Przewodnicz\u0105cego-Elekta na okres kadencji 2021-2023.<br \/>\n9. G\u0142osowanie na Przewodnicz\u0105cego-Elekta na okres kadencji 2021-2023.<br \/>\n10. Przedstawienie kandydatur na cz\u0142onk\u00f3w Zarz\u0105du Asocjacji na okres kadencji 2021-2023.<br \/>\n11. G\u0142osowanie na cz\u0142onk\u00f3w Zarz\u0105du Asocjacji na okres kadencji 2021-2023.<br \/>\n12. Przedstawienie kandydatur na cz\u0142onk\u00f3w Komisji Rewizyjnej Asocjacji na okres 2021-2023.<br \/>\n13. G\u0142osowanie na cz\u0142onk\u00f3w Komisji Rewizyjnej Asocjacji na okres 2021-2023.<br \/>\n14. Przedstawienie kandydatury do Zarz\u0105du G\u0142\u00f3wnego PTK w kadencji 2021-2023.<br \/>\n15. G\u0142osowanie na kandydata do Zarz\u0105du G\u0142\u00f3wnego PTK w kadencji 2021-2023.<br \/>\n16. Og\u0142oszenie wynik\u00f3w wybor\u00f3w do Zarz\u0105du Asocjacji na kadencj\u0119 2021-2023.<br \/>\n17. Og\u0142oszenie wynik\u00f3w wybor\u00f3w do Komisji Rewizyjnej Asocjacji na kadencj\u0119 2021-2023.<br \/>\n18. Og\u0142oszenie wynik\u00f3w wybor\u00f3w kandydata do Zarz\u0105du G\u0142\u00f3wnego PTK w kadencji 2021-2023.<br \/>\n19. Informacja o certyfikacji operator\u00f3w oraz nowych zasadach przydzielania punkt\u00f3w akredytacyjnych dla konferencji.<br \/>\n20. Wolne wnioski.<br \/>\n21. Zamkni\u0119cie obrad.<\/p>\n<p>Walne Zgromadzenie Cz\u0142onk\u00f3w AISN PTK odbywa\u0107 si\u0119 b\u0119dzie przy wykorzystaniu dw\u00f3ch platform. Przekaz audio-wizualny realizowany b\u0119dzie z wykorzystaniem platformy ZOOM, natomiast system PTK Cz\u0142onkowie (<a href=\"https:\/\/ptk.gbbsoft.pl\/\">https:\/\/ptk.gbbsoft.pl\/<\/a>) b\u0119dzie s\u0142u\u017cy\u0142 do oddawania g\u0142os\u00f3w. Bardzo prosimy o zapoznanie si\u0119 z wyprzedzeniem z instrukcj\u0105 g\u0142osowania (w za\u0142\u0105czeniu) i sprawdzenie, czy logowanie do PTK Cz\u0142onkowie nie sprawia k\u0142opotu. Link do ZOOM otrzymaj\u0105 Pa\u0144stwo w p\u00f3\u017aniejszym terminie.<\/p>\n<p>Pozdrawiam,<\/p>\n<p>Prof. Stanis\u0142aw Bartu\u015b<br \/>\nPresident of ACVI<\/p>","protected":false},"excerpt":{"rendered":"<p>Szanowni Pa\u0144stwo, Cz\u0142onkowie Asocjacji Interwencji Sercowo-Naczyniowych PTK, Gor\u0105co zach\u0119camy Pa\u0144stwa do obecno\u015bci na Walnym Zgromadzeniu Cz\u0142onk\u00f3w AISN PTK, w czasie kt\u00f3rego zostanie poruszonych szereg wa\u017cnych informacji dotycz\u0105cych certyfikacji operator\u00f3w, konferencji naukowych oraz wyb\u00f3r nowego Zarz\u0105du i Przewodnicz\u0105cego-Elekta AISN PTK. Zarz\u0105d AISN PTK zwo\u0142uje na dzie\u0144 23 czerwca 2021 r. Walne Zgromadzenie Cz\u0142onk\u00f3w AISN PTK (\u201eZgromadzenie\u201d). [&hellip;]<\/p>","protected":false},"author":6,"featured_media":0,"menu_order":0,"template":"","meta":{"footnotes":""},"categories":[],"tags":[],"class_list":["post-8827","aktualnosci","type-aktualnosci","status-publish","hentry"],"_links":{"self":[{"href":"https:\/\/aisn.pl\/en\/wp-json\/wp\/v2\/aktualnosci\/8827","targetHints":{"allow":["GET"]}}],"collection":[{"href":"https:\/\/aisn.pl\/en\/wp-json\/wp\/v2\/aktualnosci"}],"about":[{"href":"https:\/\/aisn.pl\/en\/wp-json\/wp\/v2\/types\/aktualnosci"}],"author":[{"embeddable":true,"href":"https:\/\/aisn.pl\/en\/wp-json\/wp\/v2\/users\/6"}],"version-history":[{"count":1,"href":"https:\/\/aisn.pl\/en\/wp-json\/wp\/v2\/aktualnosci\/8827\/revisions"}],"predecessor-version":[{"id":8828,"href":"https:\/\/aisn.pl\/en\/wp-json\/wp\/v2\/aktualnosci\/8827\/revisions\/8828"}],"wp:attachment":[{"href":"https:\/\/aisn.pl\/en\/wp-json\/wp\/v2\/media?parent=8827"}],"wp:term":[{"taxonomy":"category","embeddable":true,"href":"https:\/\/aisn.pl\/en\/wp-json\/wp\/v2\/categories?post=8827"},{"taxonomy":"post_tag","embeddable":true,"href":"https:\/\/aisn.pl\/en\/wp-json\/wp\/v2\/tags?post=8827"}],"curies":[{"name":"wp","href":"https:\/\/api.w.org\/{rel}","templated":true}]}}

Ogłoszenie terminu Walnego Zgromadzenia Członków AISN PTK 23.06.2021

<p>Ladies and gentlemen,<br />
Członkowie Asocjacji Interwencji Sercowo-Naczyniowych PTK,</p>
<p>Gorąco zachęcamy Państwa do obecności na Walnym Zgromadzeniu Członków AISN PTK, w czasie którego zostanie poruszonych szereg ważnych informacji dotyczących certyfikacji operatorów, konferencji naukowych oraz wybór nowego Zarządu i Przewodniczącego-Elekta AISN PTK.</p>
<p>Zarząd AISN PTK zwołuje na dzień <strong>23 czerwca 2021 r. Walne Zgromadzenie Członków AISN PTK</strong> („Zgromadzenie”). Pierwszy termin Zgromadzenia wyznaczono na godzinę <strong>9:00</strong>, drugi termin, na wypadek braku quorum, wyznaczono na godzinę <strong>9:10</strong>.</p>
<p>Zgromadzenie odbędzie się w formie on-line zgodnie z regulaminem zdalnych głosowań przyjętym uchwałą przez Zarządu Głównego PTK przy wykorzystaniu rozwiązań zapewniających w szczególności udział bezpośredni i na żywo Zgromadzeniu, możliwość zachowania tajności, głosowania, gdy takie jest wymagane oraz bezpieczeństwo danych.<br />
Uwaga: Czynne prawo wyborcze posiadają jedynie członkowie, którzy nie zalegają ze składkami członkowskimi. Na stronie PTK Członkowie (<a href="https://ptk.gbbsoft.pl">https://ptk.gbbsoft.pl</a>) można sprawdzić aktualny stan opłaconych składek.</p>
<p>Proponowany porządek obrad Zgromadzenia:</p>
<p>1. Powołanie Przewodniczącego i Sekretarza Zgromadzenia.<br />
2. Powołanie członków Komisji Skrutacyjnej.<br />
3. Sprawozdanie z działalności Zarządu Asocjacji w okresie kadencji 2019-2021.<br />
4. Wystąpienie Prezesa Polskiego Towarzystwa Kardiologicznego.<br />
5. Sprawozdanie z działalności Komisji Rewizyjnej Asocjacji w okresie kadencji 2019-2021.<br />
6. Podjęcie uchwały w sprawie udzielenia absolutorium członkom ustępującego Zarządu Asocjacji za okres kadencji 2019-2021.<br />
7. Podjęcie uchwały w sprawie udzielenia absolutorium ustępującym członkom Komisji Rewizyjnej Asocjacji za okres kadencji 2019-2021.<br />
8. Przedstawienie kandydatur na Przewodniczącego-Elekta na okres kadencji 2021-2023.<br />
9. Głosowanie na Przewodniczącego-Elekta na okres kadencji 2021-2023.<br />
10. Przedstawienie kandydatur na członków Zarządu Asocjacji na okres kadencji 2021-2023.<br />
11. Głosowanie na członków Zarządu Asocjacji na okres kadencji 2021-2023.<br />
12. Przedstawienie kandydatur na członków Komisji Rewizyjnej Asocjacji na okres 2021-2023.<br />
13. Głosowanie na członków Komisji Rewizyjnej Asocjacji na okres 2021-2023.<br />
14. Przedstawienie kandydatury do Zarządu Głównego PTK w kadencji 2021-2023.<br />
15. Głosowanie na kandydata do Zarządu Głównego PTK w kadencji 2021-2023.<br />
16. Ogłoszenie wyników wyborów do Zarządu Asocjacji na kadencję 2021-2023.<br />
17. Ogłoszenie wyników wyborów do Komisji Rewizyjnej Asocjacji na kadencję 2021-2023.<br />
18. Ogłoszenie wyników wyborów kandydata do Zarządu Głównego PTK w kadencji 2021-2023.<br />
19. Informacja o certyfikacji operatorów oraz nowych zasadach przydzielania punktów akredytacyjnych dla konferencji.<br />
20. Wolne wnioski.<br />
21. Zamknięcie obrad.</p>
<p>Walne Zgromadzenie Członków AISN PTK odbywać się będzie przy wykorzystaniu dwóch platform. Przekaz audio-wizualny realizowany będzie z wykorzystaniem platformy ZOOM, natomiast system PTK Członkowie (<a href="https://ptk.gbbsoft.pl/">https://ptk.gbbsoft.pl/</a>) będzie służył do oddawania głosów. Bardzo prosimy o zapoznanie się z wyprzedzeniem z instrukcją głosowania (w załączeniu) i sprawdzenie, czy logowanie do PTK Członkowie nie sprawia kłopotu. Link do ZOOM otrzymają Państwo w późniejszym terminie.</p>
<p>Pozdrawiam,</p>
<p>Prof. Stanisław Bartuś<br />
President of ACVI</p>

<p>Szanowni Państwo, Członkowie Asocjacji Interwencji Sercowo-Naczyniowych PTK, Gorąco zachęcamy Państwa do obecności na Walnym Zgromadzeniu Członków AISN PTK, w czasie którego zostanie poruszonych szereg ważnych informacji dotyczących certyfikacji operatorów, konferencji naukowych oraz wybór nowego Zarządu i Przewodniczącego-Elekta AISN PTK. Zarząd AISN PTK zwołuje na dzień 23 czerwca 2021 r. Walne Zgromadzenie Członków AISN PTK („Zgromadzenie”). [&hellip;]</p>
