{"id":9081,"date":"2021-05-19T10:06:05","date_gmt":"2021-05-19T08:06:05","guid":{"rendered":"https:\/\/aisn.pl\/?post_type=aktualnosci&#038;p=9081"},"modified":"2021-05-19T10:06:05","modified_gmt":"2021-05-19T08:06:05","slug":"sesje-aisn-ptk-podczas-warsztatow-kardiologii-inwazyjnej-i-elektroterapii-w-zabrzu","status":"publish","type":"aktualnosci","link":"https:\/\/aisn.pl\/en\/aktualnosci\/sesje-aisn-ptk-podczas-warsztatow-kardiologii-inwazyjnej-i-elektroterapii-w-zabrzu\/","title":{"rendered":"Sesje AISN PTK podczas Warsztat\u00f3w Kardiologii Inwazyjnej i Elektroterapii w Zabrzu"},"content":{"rendered":"<p>Ladies and gentlemen,<\/p>\n<p>zach\u0119camy do udzia\u0142u w dw\u00f3ch sesjach AISN PTK podczas tegorocznych Warsztat\u00f3w Kardiologii Inwazyjnej i Elektroterapii w Zabrzu.<\/p>\n<p>25.05.2021 (wtorek) godz. 13:30-14:45<br \/>\n<strong>KARDIOLOGIA SESJA AISN<\/strong><br \/>\n<strong>Wady strukturalne serca w praktyce lekarza rodzinnego i kardiologa niewinwazyjnego<\/strong><br \/>\nS. Bartu\u015b, Z. Huczek<\/p>\n<p>1. Chory z przetrwa\u0142ym otworem owalnym \u2013 jakie s\u0105 wskazania do zamkni\u0119cia ubytku w \u015bwietle wynik\u00f3w ostatnich bada\u0144? A. Araszkiewicz<br \/>\n2. Zamyka\u0107 czy nie zamyka\u0107 \u2013 trudne decyzje w wybranych grupach chorych z ubytkiem przegrody mi\u0119dzyprzedsionkowej. J.Bia\u0142kowski<br \/>\n3. Chory z migotaniem przedsionk\u00f3w i przeciwskazaniami do doustnej antykoagulacji \u2013 kiedy my\u015ble\u0107 o zamykaniu uszka lewego przedsionka? M.Grygier<br \/>\n4. Aktualne wskazania do TAVI w 2021 \u2013 kto jest a kto nie jest dobrym kandydatem do zabiegu? W.Wojakowski<br \/>\n5. Wskazania do zabiegu MitraClip w \u015bwietle wynik\u00f3w ostatnich bada\u0144 \u2013 kogo i kiedy skierowa\u0107 na taki zabieg? Z.Kalarus<\/p>\n<p>27.05.2021 (czwartek) godz. 12:00-13:15<br \/>\n<strong>WKIiE Sesja AISN Kardiologia interwencyjna w Polsce w najbli\u017cszej dekadzie<\/strong><br \/>\nProwadzenie:, S. Bartu\u015b, M. Grygier, A.Lekston<\/p>\n<p>1. Kardiologia interwencyjna w dobie pandemii. S. Bartu\u015b<br \/>\n2. Lipidologia interwencyjna.K. Dyrbu\u015b<br \/>\n3. Wady zastawkowe. W.Wojakowski<br \/>\n4. Dyskusja panelu.<br \/>\n5. Nowe polskie technologie \u2013 wspomnienie o Emilu P\u0142owieckim. R.Gil<br \/>\n6. Wr\u0119czenie nagrody naukowej im. Emila P\u0142owieckiego. A. Lekston\/A.Wujtewicz<\/p>\n<p>Zarz\u0105d AISN PTK<\/p>","protected":false},"excerpt":{"rendered":"<p>Szanowni Pa\u0144stwo, zach\u0119camy do udzia\u0142u w dw\u00f3ch sesjach AISN PTK podczas tegorocznych Warsztat\u00f3w Kardiologii Inwazyjnej i Elektroterapii w Zabrzu. 25.05.2021 (wtorek) godz. 13:30-14:45 KARDIOLOGIA SESJA AISN Wady strukturalne serca w praktyce lekarza rodzinnego i kardiologa niewinwazyjnego S. Bartu\u015b, Z. Huczek 1. Chory z przetrwa\u0142ym otworem owalnym \u2013 jakie s\u0105 wskazania do zamkni\u0119cia ubytku w \u015bwietle [&hellip;]<\/p>","protected":false},"author":6,"featured_media":0,"menu_order":0,"template":"","meta":{"footnotes":""},"categories":[],"tags":[],"class_list":["post-9081","aktualnosci","type-aktualnosci","status-publish","hentry"],"_links":{"self":[{"href":"https:\/\/aisn.pl\/en\/wp-json\/wp\/v2\/aktualnosci\/9081","targetHints":{"allow":["GET"]}}],"collection":[{"href":"https:\/\/aisn.pl\/en\/wp-json\/wp\/v2\/aktualnosci"}],"about":[{"href":"https:\/\/aisn.pl\/en\/wp-json\/wp\/v2\/types\/aktualnosci"}],"author":[{"embeddable":true,"href":"https:\/\/aisn.pl\/en\/wp-json\/wp\/v2\/users\/6"}],"version-history":[{"count":1,"href":"https:\/\/aisn.pl\/en\/wp-json\/wp\/v2\/aktualnosci\/9081\/revisions"}],"predecessor-version":[{"id":9082,"href":"https:\/\/aisn.pl\/en\/wp-json\/wp\/v2\/aktualnosci\/9081\/revisions\/9082"}],"wp:attachment":[{"href":"https:\/\/aisn.pl\/en\/wp-json\/wp\/v2\/media?parent=9081"}],"wp:term":[{"taxonomy":"category","embeddable":true,"href":"https:\/\/aisn.pl\/en\/wp-json\/wp\/v2\/categories?post=9081"},{"taxonomy":"post_tag","embeddable":true,"href":"https:\/\/aisn.pl\/en\/wp-json\/wp\/v2\/tags?post=9081"}],"curies":[{"name":"wp","href":"https:\/\/api.w.org\/{rel}","templated":true}]}}

Sesje AISN PTK podczas Warsztatów Kardiologii Inwazyjnej i Elektroterapii w Zabrzu

<p>Ladies and gentlemen,</p>
<p>zachęcamy do udziału w dwóch sesjach AISN PTK podczas tegorocznych Warsztatów Kardiologii Inwazyjnej i Elektroterapii w Zabrzu.</p>
<p>25.05.2021 (wtorek) godz. 13:30-14:45<br />
<strong>KARDIOLOGIA SESJA AISN</strong><br />
<strong>Wady strukturalne serca w praktyce lekarza rodzinnego i kardiologa niewinwazyjnego</strong><br />
S. Bartuś, Z. Huczek</p>
<p>1. Chory z przetrwałym otworem owalnym – jakie są wskazania do zamknięcia ubytku w świetle wyników ostatnich badań? A. Araszkiewicz<br />
2. Zamykać czy nie zamykać – trudne decyzje w wybranych grupach chorych z ubytkiem przegrody międzyprzedsionkowej. J.Białkowski<br />
3. Chory z migotaniem przedsionków i przeciwskazaniami do doustnej antykoagulacji – kiedy myśleć o zamykaniu uszka lewego przedsionka? M.Grygier<br />
4. Aktualne wskazania do TAVI w 2021 – kto jest a kto nie jest dobrym kandydatem do zabiegu? W.Wojakowski<br />
5. Wskazania do zabiegu MitraClip w świetle wyników ostatnich badań – kogo i kiedy skierować na taki zabieg? Z.Kalarus</p>
<p>27.05.2021 (czwartek) godz. 12:00-13:15<br />
<strong>WKIiE Sesja AISN Kardiologia interwencyjna w Polsce w najbliższej dekadzie</strong><br />
Prowadzenie:, S. Bartuś, M. Grygier, A.Lekston</p>
<p>1. Kardiologia interwencyjna w dobie pandemii. S. Bartuś<br />
2. Lipidologia interwencyjna.K. Dyrbuś<br />
3. Wady zastawkowe. W.Wojakowski<br />
4. Dyskusja panelu.<br />
5. Nowe polskie technologie – wspomnienie o Emilu Płowieckim. R.Gil<br />
6. Wręczenie nagrody naukowej im. Emila Płowieckiego. A. Lekston/A.Wujtewicz</p>
<p>Zarząd AISN PTK</p>

<p>Szanowni Państwo, zachęcamy do udziału w dwóch sesjach AISN PTK podczas tegorocznych Warsztatów Kardiologii Inwazyjnej i Elektroterapii w Zabrzu. 25.05.2021 (wtorek) godz. 13:30-14:45 KARDIOLOGIA SESJA AISN Wady strukturalne serca w praktyce lekarza rodzinnego i kardiologa niewinwazyjnego S. Bartuś, Z. Huczek 1. Chory z przetrwałym otworem owalnym – jakie są wskazania do zamknięcia ubytku w świetle [&hellip;]</p>
