{"id":6333,"date":"2020-09-18T11:58:09","date_gmt":"2020-09-18T09:58:09","guid":{"rendered":"https:\/\/aisn.pl\/?page_id=6333"},"modified":"2025-09-29T09:36:38","modified_gmt":"2025-09-29T07:36:38","slug":"klauzula-informacyjna","status":"publish","type":"page","link":"https:\/\/aisn.pl\/en\/klauzula-informacyjna\/","title":{"rendered":"Klauzula Informacyjna"},"content":{"rendered":"<p>Zgodnie z art. 13 ust. 1 i 2 oraz art. 14 ust. 1 i 2 Rozporz\u0105dzenia Parlamentu Europejskiego i Rady (UE) 2016\/679 z dnia 27 kwietnia 2016 roku w sprawie ochrony os\u00f3b fizycznych w zwi\u0105zku z<br \/>\nprzetwarzaniem danych osobowych i w sprawie swobodnego przep\u0142ywu takich danych oraz uchylenia dyrektywy 95\/46\/WE (og\u00f3lne rozporz\u0105dzenie o ochronie danych) informujemy, \u017ce:<\/p>\n<p>I. Administratorem przekazanych danych osobowych reprezentant\u00f3w Partnera Biznesowego oraz os\u00f3b wykonuj\u0105cych Umow\u0119 (wskazanych do kontaktu) jest Polskie Towarzystwo Kardiologiczne z siedzib\u0105 w Warszawie, ul. Stawki 3a lok. 1-2, 00-193 Warszawa (\u201ePTK\u201d).<br \/>\nII. Dane osobowe b\u0119d\u0105:<br \/>\n1) przetwarzane dla cel\u00f3w zwi\u0105zanych z realizacj\u0105 umowy tj. w celu bie\u017c\u0105cego kontaktu zwi\u0105zanego z realizacj\u0105 Umowy, nadzorem nad jej wykonaniem, prawid\u0142owym rozliczeniem oraz dochodzeniem roszcze\u0144.<br \/>\n2) przechowywane przez okres realizacji Umowy a nast\u0119pnie przez okres wynikaj\u0105cy z ustaw reguluj\u0105cych rozliczenia w obrocie gospodarczym, przedawnienia roszcze\u0144 oraz do momentu zako\u0144czenia post\u0119powa\u0144 cywilnych, egzekucyjnych, administracyjnych i karnych wymagaj\u0105cych przetwarzania danych. Najd\u0142u\u017cszy z powo\u0142anych termin\u00f3w wynosi 5 lat od ko\u0144ca roku rozliczeniowego.<br \/>\nIII. Podstaw\u0105 prawn\u0105 przetwarzania danych osobowych jest art. 6 ust. 1 pkt b), c) i f) Rozporz\u0105dzenia Parlamentu Europejskiego i Rady (UE) 2016\/679 z dnia 27 kwietnia 2016 roku w sprawie ochrony os\u00f3b fizycznych w zwi\u0105zku z przetwarzaniem danych osobowych i w sprawie swobodnego przep\u0142ywu takich danych oraz uchylenia dyrektywy 95\/46\/WE (og\u00f3lne rozporz\u0105dzenie ochronie danych), gdzie art. 6 ust. 1 pkt b) \u2013 to przetwarzanie danych jest niezb\u0119dne do wykonania Umowy, art. 6 ust. 1 pkt c) \u2013 to przetwarzanie jest niezb\u0119dne do wype\u0142nienia obowi\u0105zku prawnego zwi\u0105zanego z rozliczeniem i przechowywaniem dokumentacji rachunkowo-podatkowej, art. 6 ust. 1 pkt f) &#8211; gdzie prawnie uzasadnionym interesem administratora jest mo\u017cliwo\u015bci bie\u017c\u0105cego kontaktu w sprawach zwi\u0105zanych z realizacj\u0105 Umowy oraz zabezpieczenie si\u0119 przed ewentualnymi roszczeniami wynikaj\u0105cymi z Umowy.<br \/>\nIV. Kategorie przetwarzanych danych: dane identyfikacyjne zawarte w komparycji umowy, stanowisko i miejsce pracy, dane kontaktowe (adres mail, telefon), dane s\u0142u\u017c\u0105ce do wystawienia faktury (NIP\/PESEL).<br \/>\nV. Podanie danych osobowych jest dobrowolne, ale niezb\u0119dne do prawid\u0142owej realizacji Umowy.<br \/>\nVI. Dane osobowe otrzymali\u015bmy bezpo\u015brednio od Pani\/Pana lub od podmiotu, kt\u00f3ry Pani\/Pan reprezentuje.<br \/>\nVII. Dane osobowe mog\u0105 zosta\u0107 przekazywane do pa\u0144stwa trzeciego\/organizacji mi\u0119dzynarodowej (w zwi\u0105zku z wykorzystaniem przez PTK aplikacji InFakt do wystawiania faktur). Dane osobowe nie b\u0119d\u0105 profilowane i automatyzowane.<br \/>\nVIII. Dane osobowe mog\u0105 zosta\u0107 udost\u0119pnione podmiotom trzecim \u015bwiadcz\u0105cym us\u0142ugi zewn\u0119trzne na rzecz PTK w zakresie niezb\u0119dnym dla realizacji tych us\u0142ug. Podmiotami trzecimi s\u0105 w szczeg\u00f3lno\u015bci dostawca us\u0142ug i system\u00f3w informatycznych, operatorzy pocztowi i kurierzy, podmioty \u015bwiadcz\u0105ce us\u0142ugi consultingowe, prawne, ksi\u0119gowe i audytowe.<br \/>\nIX. Osoba, kt\u00f3rej dane osobowe s\u0105 przetwarzane jest uprawniona do:<br \/>\n1) dost\u0119pu do swoich danych osobowych;<br \/>\n2) sprostowania i uzupe\u0142nienia swoich danych osobowych &#8211; w przypadku je\u017celi oka\u017ce si\u0119, \u017ce s\u0105 nieprawid\u0142owe;<br \/>\n3) z\u0142o\u017cenia sprzeciwu wobec przetwarzania danych osobowych;<br \/>\n4) usuni\u0119cia lub ograniczenia przetwarzania danych.<br \/>\nX. W razie niezgodnego z przepisami przetwarzania danych, osoba kt\u00f3rej dane osobowe s\u0105 przetwarzane jest uprawniona do wniesienia skargi do organu nadzoru. Z dniem 25 maja 2018 roku organem nadzoru uprawnionym do rozpatrzenia skargi jest Prezes Urz\u0119du Ochrony Danych Osobowych.<\/p>","protected":false},"excerpt":{"rendered":"<p>Zgodnie z art. 13 ust. 1 i 2 oraz art. 14 ust. 1 i 2 Rozporz\u0105dzenia Parlamentu Europejskiego i Rady (UE) 2016\/679 z dnia 27 kwietnia 2016 roku w sprawie ochrony os\u00f3b fizycznych w zwi\u0105zku z przetwarzaniem danych osobowych i w sprawie swobodnego przep\u0142ywu takich danych oraz uchylenia dyrektywy 95\/46\/WE (og\u00f3lne rozporz\u0105dzenie o ochronie danych) [&hellip;]<\/p>","protected":false},"author":6,"featured_media":0,"parent":0,"menu_order":14,"comment_status":"closed","ping_status":"closed","template":"","meta":{"footnotes":""},"class_list":["post-6333","page","type-page","status-publish","hentry"],"_links":{"self":[{"href":"https:\/\/aisn.pl\/en\/wp-json\/wp\/v2\/pages\/6333","targetHints":{"allow":["GET"]}}],"collection":[{"href":"https:\/\/aisn.pl\/en\/wp-json\/wp\/v2\/pages"}],"about":[{"href":"https:\/\/aisn.pl\/en\/wp-json\/wp\/v2\/types\/page"}],"author":[{"embeddable":true,"href":"https:\/\/aisn.pl\/en\/wp-json\/wp\/v2\/users\/6"}],"replies":[{"embeddable":true,"href":"https:\/\/aisn.pl\/en\/wp-json\/wp\/v2\/comments?post=6333"}],"version-history":[{"count":4,"href":"https:\/\/aisn.pl\/en\/wp-json\/wp\/v2\/pages\/6333\/revisions"}],"predecessor-version":[{"id":26719,"href":"https:\/\/aisn.pl\/en\/wp-json\/wp\/v2\/pages\/6333\/revisions\/26719"}],"wp:attachment":[{"href":"https:\/\/aisn.pl\/en\/wp-json\/wp\/v2\/media?parent=6333"}],"curies":[{"name":"wp","href":"https:\/\/api.w.org\/{rel}","templated":true}]}}

<p>Zgodnie z art. 13 ust. 1 i 2 oraz art. 14 ust. 1 i 2 Rozporządzenia Parlamentu Europejskiego i Rady (UE) 2016/679 z dnia 27 kwietnia 2016 roku w sprawie ochrony osób fizycznych w związku z<br />
przetwarzaniem danych osobowych i w sprawie swobodnego przepływu takich danych oraz uchylenia dyrektywy 95/46/WE (ogólne rozporządzenie o ochronie danych) informujemy, że:</p>
<p>I. Administratorem przekazanych danych osobowych reprezentantów Partnera Biznesowego oraz osób wykonujących Umowę (wskazanych do kontaktu) jest Polskie Towarzystwo Kardiologiczne z siedzibą w Warszawie, ul. Stawki 3a lok. 1-2, 00-193 Warszawa („PTK”).<br />
II. Dane osobowe będą:<br />
1) przetwarzane dla celów związanych z realizacją umowy tj. w celu bieżącego kontaktu związanego z realizacją Umowy, nadzorem nad jej wykonaniem, prawidłowym rozliczeniem oraz dochodzeniem roszczeń.<br />
2) przechowywane przez okres realizacji Umowy a następnie przez okres wynikający z ustaw regulujących rozliczenia w obrocie gospodarczym, przedawnienia roszczeń oraz do momentu zakończenia postępowań cywilnych, egzekucyjnych, administracyjnych i karnych wymagających przetwarzania danych. Najdłuższy z powołanych terminów wynosi 5 lat od końca roku rozliczeniowego.<br />
III. Podstawą prawną przetwarzania danych osobowych jest art. 6 ust. 1 pkt b), c) i f) Rozporządzenia Parlamentu Europejskiego i Rady (UE) 2016/679 z dnia 27 kwietnia 2016 roku w sprawie ochrony osób fizycznych w związku z przetwarzaniem danych osobowych i w sprawie swobodnego przepływu takich danych oraz uchylenia dyrektywy 95/46/WE (ogólne rozporządzenie ochronie danych), gdzie art. 6 ust. 1 pkt b) – to przetwarzanie danych jest niezbędne do wykonania Umowy, art. 6 ust. 1 pkt c) – to przetwarzanie jest niezbędne do wypełnienia obowiązku prawnego związanego z rozliczeniem i przechowywaniem dokumentacji rachunkowo-podatkowej, art. 6 ust. 1 pkt f) &#8211; gdzie prawnie uzasadnionym interesem administratora jest możliwości bieżącego kontaktu w sprawach związanych z realizacją Umowy oraz zabezpieczenie się przed ewentualnymi roszczeniami wynikającymi z Umowy.<br />
IV. Kategorie przetwarzanych danych: dane identyfikacyjne zawarte w komparycji umowy, stanowisko i miejsce pracy, dane kontaktowe (adres mail, telefon), dane służące do wystawienia faktury (NIP/PESEL).<br />
V. Podanie danych osobowych jest dobrowolne, ale niezbędne do prawidłowej realizacji Umowy.<br />
VI. Dane osobowe otrzymaliśmy bezpośrednio od Pani/Pana lub od podmiotu, który Pani/Pan reprezentuje.<br />
VII. Dane osobowe mogą zostać przekazywane do państwa trzeciego/organizacji międzynarodowej (w związku z wykorzystaniem przez PTK aplikacji InFakt do wystawiania faktur). Dane osobowe nie będą profilowane i automatyzowane.<br />
VIII. Dane osobowe mogą zostać udostępnione podmiotom trzecim świadczącym usługi zewnętrzne na rzecz PTK w zakresie niezbędnym dla realizacji tych usług. Podmiotami trzecimi są w szczególności dostawca usług i systemów informatycznych, operatorzy pocztowi i kurierzy, podmioty świadczące usługi consultingowe, prawne, księgowe i audytowe.<br />
IX. Osoba, której dane osobowe są przetwarzane jest uprawniona do:<br />
1) dostępu do swoich danych osobowych;<br />
2) sprostowania i uzupełnienia swoich danych osobowych &#8211; w przypadku jeżeli okaże się, że są nieprawidłowe;<br />
3) złożenia sprzeciwu wobec przetwarzania danych osobowych;<br />
4) usunięcia lub ograniczenia przetwarzania danych.<br />
X. W razie niezgodnego z przepisami przetwarzania danych, osoba której dane osobowe są przetwarzane jest uprawniona do wniesienia skargi do organu nadzoru. Z dniem 25 maja 2018 roku organem nadzoru uprawnionym do rozpatrzenia skargi jest Prezes Urzędu Ochrony Danych Osobowych.</p>

<p>Zgodnie z art. 13 ust. 1 i 2 oraz art. 14 ust. 1 i 2 Rozporządzenia Parlamentu Europejskiego i Rady (UE) 2016/679 z dnia 27 kwietnia 2016 roku w sprawie ochrony osób fizycznych w związku z przetwarzaniem danych osobowych i w sprawie swobodnego przepływu takich danych oraz uchylenia dyrektywy 95/46/WE (ogólne rozporządzenie o ochronie danych) [&hellip;]</p>
