{"id":1283,"date":"2020-07-06T09:29:26","date_gmt":"2020-07-06T09:29:26","guid":{"rendered":"https:\/\/test.aisn.pl\/pracownie\/zespol-pracowni-hemodynamiki-i-elektroterapii-oddzial-kardiologii-ogolnej-i-oddzial-intensywnej-opieki-kardiologicznej-wojewodzki-szpital-specjalistyczny-nr-5-im-sw-barbary\/"},"modified":"2020-08-02T10:16:06","modified_gmt":"2020-08-02T10:16:06","slug":"konfernecja","status":"publish","type":"pracownie","link":"https:\/\/aisn.pl\/en\/baza_pracowni\/konfernecja\/","title":{"rendered":"Zesp\u00f3\u0142 Pracowni Hemodynamiki i Elektroterapii Oddzia\u0142 Kardiologii Og\u00f3lnej i Oddzia\u0142 Intensywnej Opieki Kardiologicznej Wojew\u00f3dzki Szpital Specjalistyczny Nr 5 im. \u015bw. Barbary"},"featured_media":0,"template":"","class_list":["post-1283","pracownie","type-pracownie","status-publish","hentry"],"_links":{"self":[{"href":"https:\/\/aisn.pl\/en\/wp-json\/wp\/v2\/pracownie\/1283","targetHints":{"allow":["GET"]}}],"collection":[{"href":"https:\/\/aisn.pl\/en\/wp-json\/wp\/v2\/pracownie"}],"about":[{"href":"https:\/\/aisn.pl\/en\/wp-json\/wp\/v2\/types\/pracownie"}],"version-history":[{"count":1,"href":"https:\/\/aisn.pl\/en\/wp-json\/wp\/v2\/pracownie\/1283\/revisions"}],"predecessor-version":[{"id":21622,"href":"https:\/\/aisn.pl\/en\/wp-json\/wp\/v2\/pracownie\/1283\/revisions\/21622"}],"wp:attachment":[{"href":"https:\/\/aisn.pl\/en\/wp-json\/wp\/v2\/media?parent=1283"}],"curies":[{"name":"wp","href":"https:\/\/api.w.org\/{rel}","templated":true}]}}

Zespół Pracowni Hemodynamiki i Elektroterapii Oddział Kardiologii Ogólnej i Oddział Intensywnej Opieki Kardiologicznej Wojewódzki Szpital Specjalistyczny Nr 5 im. św. Barbary
