{"id":1393,"date":"2020-07-06T09:46:42","date_gmt":"2020-07-06T09:46:42","guid":{"rendered":"https:\/\/test.aisn.pl\/pracownie\/centralna-pracownia-diagnostyki-naczyniowej-chorob-ukladu-krazenia-samodzielny-publiczny-szpital-kliniczny-nr-2-im-h-swiecickiego\/"},"modified":"2024-10-14T12:14:45","modified_gmt":"2024-10-14T10:14:45","slug":"centralna-pracownia-diagnostyki-naczyniowej-chorob-ukladu-krazenia-samodzielny-publiczny-szpital-kliniczny-nr-2-im-h-swiecickiego","status":"publish","type":"pracownie","link":"https:\/\/aisn.pl\/en\/baza_pracowni\/centralna-pracownia-diagnostyki-naczyniowej-chorob-ukladu-krazenia-samodzielny-publiczny-szpital-kliniczny-nr-2-im-h-swiecickiego\/","title":{"rendered":"Centralna Pracownia Diagnostyki Naczyniowej Chor\u00f3b Uk\u0142adu Kr\u0105\u017cenia Szpital Kliniczny im. Heliodora \u015awi\u0119cickiego Uniwersytetu Medycznego im. Karola Marcinkowskiego w Poznaniu"},"featured_media":0,"template":"","class_list":["post-1393","pracownie","type-pracownie","status-publish","hentry"],"_links":{"self":[{"href":"https:\/\/aisn.pl\/en\/wp-json\/wp\/v2\/pracownie\/1393","targetHints":{"allow":["GET"]}}],"collection":[{"href":"https:\/\/aisn.pl\/en\/wp-json\/wp\/v2\/pracownie"}],"about":[{"href":"https:\/\/aisn.pl\/en\/wp-json\/wp\/v2\/types\/pracownie"}],"version-history":[{"count":7,"href":"https:\/\/aisn.pl\/en\/wp-json\/wp\/v2\/pracownie\/1393\/revisions"}],"predecessor-version":[{"id":25309,"href":"https:\/\/aisn.pl\/en\/wp-json\/wp\/v2\/pracownie\/1393\/revisions\/25309"}],"wp:attachment":[{"href":"https:\/\/aisn.pl\/en\/wp-json\/wp\/v2\/media?parent=1393"}],"curies":[{"name":"wp","href":"https:\/\/api.w.org\/{rel}","templated":true}]}}

Centralna Pracownia Diagnostyki Naczyniowej Chorób Układu Krążenia Szpital Kliniczny im. Heliodora Święcickiego Uniwersytetu Medycznego im. Karola Marcinkowskiego w Poznaniu
